4)/(-14) - 2068/(-14) is divided by h.
31
Let k be (-17)/(-4) - 2/8. Suppose 0 = -k*u + c + 52 + 59, -5*u = -2*c - 138. Let v(d) = d**2 - 169*d - 790. Calculate the remainder when v(-5) is divided by u.
24
Suppose 0 = 10*g + 2*g - 216. Let n = 47 - g. Let b(f) = 2*f**2 - 54*f + 5. What is the remainder when b(n) is divided by 25?
21
Suppose -x - 40 = -h, -167 + 8 = -4*h + 5*x. Calculate the remainder when ((-5)/4)/((-169)/12844) is divided by (1 - h)*(-24)/60.
15
Let h(i) be the second derivative of i**5/20 + 7*i**4/6 + i**3/6 + 53*i**2/2 - 111*i. Calculate the remainder when h(-13) is divided by 37.
24
Let y be (-4)/(-10)*-10*8. Let u = 42 + y. Let b = u + 26. What is the remainder when b is divided by 8?
4
Let m = -89 + 96. Suppose -q + 56 = m*q. Calculate the remainder when q is divided by (-2)/(-2)*-1 - -4.
1
What is the remainder when 190 is divided by 1336/(-334) + (-1*2 - -14)?
6
Let z(s) = -s**3 - 4*s**2 + 2*s - 10. Let u be (-2 - -5)/(1 + 0). Suppose -g - 8 = -u. Calculate the remainder when 8 is divided by z(g).
3
Let u(t) = t**3 - 3*t**2 - 13*t + 45. Let q be u(4). Suppose 722 = 10*n + q*n. Calculate the remainder when 106 is divided by n.
30
Suppose -18 = -10*w + 62. Suppose 0 = -w*s + 2*s. Suppose 30 = y + 4*p, p = 5*y - s*p - 171. What is the remainder when y is divided by 7?
6
Let o(q) = 6*q - 52. Suppose 2*x = -2*n + n - 57, 4*n + 5*x + 225 = 0. Let j = 116 + n. Calculate the remainder when j is divided by o(14).
29
Let v = -393 - -399. Let z be 120/16*4/6. Calculate the remainder when 2 - (z + -2) - -22 is divided by v.
3
Suppose -b + 65 - 945 = -2*i, -2*b = 8. What is the remainder when i is divided by 410?
28
Let n = 493 - 472. Let y be 2*1 + (-28)/2. Let g = n - y. Calculate the remainder when g is divided by 9.
6
Let c = -817 + 1196. What is the remainder when c is divided by 117?
28
Suppose 0 = -28*w + 32*w - 660. Suppose w = 3*k - 24. Let u = k + -44. What is the remainder when 52 is divided by u?
14
Suppose -76*z = -20545 - 9919 - 35884. What is the remainder when z is divided by 423?
27
Suppose 5*f + 3*q = 128, -7*f + 2*f + 136 = q. What is the remainder when f is divided by (-2 - 0)/((-2)/11)?
6
Suppose 95*x - 4*b = 96*x - 161, -5*b - 855 = -5*x. What is the remainder when 1672 is divided by x?
151
Let o = 162 - 152. Let k(w) = w**2 - 17*w + 77. Calculate the remainder when 146 is divided by k(o).
6
Let n(u) = 5*u**2 - 36*u - 10. Let d(p) = -p**3 - 5*p**2 - 14*p - 32. Let m be d(-4). What is the remainder when 48 is divided by n(m)?
4
Suppose -156*f = -140*f - 272. What is the remainder when 150 is divided by f?
14
Let v = -73 + 95. Suppose 236 = 3*l - v. Suppose 4*h - 117 = a, -a + 126 = 4*h + a. What is the remainder when l is divided by h?
26
Suppose -m + 19 = 3*y, 5*m - 2*y = 2*y + 38. Suppose -3*b - 3*j + 60 = 0, b - 40 = 22*j - 27*j. Calculate the remainder when b is divided by m.
5
Suppose 0 = 4*h - 8*h + 8. Suppose 3*i + h*b = 5*b + 66, 5*i - 2*b = 119. Let j = 203 - 106. Calculate the remainder when j is divided by i.
22
What is the remainder when (-3 + (-181)/3)*(-2349)/29 is divided by 17?
13
Suppose 4*x - 9 - 3 = -4*m, 3*x - 14 = -4*m. Suppose -m*u = -13 - 7. Calculate the remainder when 43 is divided by 20/u + 104/8.
7
Suppose -3*l + 230*u - 231*u + 7152 = 0, -3*l + 7167 = -4*u. What is the remainder when l is divided by 27?
9
Suppose 13*z - 1058 = -10548. What is the remainder when 231 is divided by (-5)/25 - z/25?
28
Suppose 2454 = 17*q - 457 - 1628. Calculate the remainder when q is divided by 136.
131
Suppose 0 = q + p - 15, -2*q - 3 + 33 = -p. Calculate the remainder when 208 is divided by q.
13
Let z(c) = c**2 - 20*c - 45. Let q = 189 + -165. What is the remainder when z(q) is divided by 37?
14
Suppose 1229 - 9734 = -63*c. What is the remainder when 390 is divided by c?
120
Suppose 4*l - 30 = 3*r, -5*r - 12 = -3*l + 16. Let g(s) = s**2 + 5*s + 4. Let t be g(-4). Let u = 7 - t. What is the remainder when u is divided by l?
1
Let c(b) = -b - 8. Let k be c(37). Calculate the remainder when (-4)/((-32)/40) - k is divided by 9.
5
Let u = 42859 + -42850. Calculate the remainder when (-2)/8 - 1146/(-8) is divided by u.
8
Let z(m) = m**2 + 7*m - 14. Let d be z(-9). Suppose 0 = -2*x + 6, 4*x + 827 = d*r + 135. What is the remainder when r is divided by 20?
16
Let g be 5 - 6 - (4 + -4). What is the remainder when g/((-1)/(-4) - (-810)/(-3080)) is divided by 13?
12
Let p be (581/35 + 2/5)*1. Let i(q) = 2*q - 37. Let s be i(p). Let v(r) = -34*r. Calculate the remainder when v(s) is divided by 21.
18
What is the remainder when 2828 is divided by -13*(-16 - (-6 + -21)/3 - -5)?
20
Let m = 26 + 26. Let n = 232 + m. Suppose h + n = 5*h. Calculate the remainder when h is divided by 25.
21
Let h be (198/(-45))/(1/(-10)). Let g = -48 + h. Let x(m) = -14*m - 2. What is the remainder when 158 is divided by x(g)?
50
Suppose 0 = -4*p + 5*w - 12 + 27, -p - 15 = -5*w. Suppose 0 = -2*b + 4*b - 574. What is the remainder when b is divided by p?
7
What is the remainder when 644 is divided by 162/(-9*16/(-72))?
77
Let t be (-32)/((-8 - 0)/8). Let w(s) = 4*s**2 + 4*s + 3. Let z be w(-4). Let n = z - t. What is the remainder when 37 is divided by n?
18
Let w(n) = -14*n**3 - 2*n**2 + 2*n. Suppose a - 3 = -2. Let x be w(a). Let q(r) = r**2 + 13*r + 19. Calculate the remainder when q(x) is divided by 12.
9
Let w be (-2 - -3)*0 - -10. Suppose w*n - 1158 = 4*n. Suppose -3*s - 19 = -n. What is the remainder when s is divided by 20?
18
Let c(o) = -o**3 - 8*o**2 - 3*o + 3. Let x = -43 + 35. Calculate the remainder when 134 is divided by c(x).
26
Let z = 2 + 0. Suppose -z*u = -4*u + 64. Let p = -33533 - -33660. What is the remainder when p is divided by u?
31
Let b = -48 - -50. Let x be (3/(-9))/(b/18). Calculate the remainder when (1/x - 0) + (-2260)/(-30) is divided by 13.
10
Suppose 0 = f - 5*t - 63, -5*f - 5*t = -3*f - 126. Calculate the remainder when 1382 is divided by f.
59
Let n = -9979 - -9996. What is the remainder when 328 is divided by n?
5
Let p = 41 + -13. Suppose 6*z - 540 = 780. What is the remainder when z is divided by p?
24
Let o be (6/5)/(8/(-260)). Let i = o - -43. Suppose -3*g + 117 = 3*f, -3*g + i*g + 2*f = 43. Calculate the remainder when 136 is divided by g.
31
Suppose 5*s + 3*k = 566, 355*s = 357*s + 3*k - 230. Calculate the remainder when 4473 is divided by s.
105
Suppose 3*d - 4*d + 20 = 0. Let x = 1636 + -1577. Calculate the remainder when x is divided by d.
19
Let q be -3 + (-1 + -2)/(-1). Suppose -p + 35 - 7 = q. Calculate the remainder when (8 + 16)*18/4 is divided by p.
24
Suppose 2*x + 52 = 6*x. Suppose 2*s - z = 1756, 3*z - 281 - 611 = -s. Suppose -132*g + 142*g = s. What is the remainder when g is divided by x?
10
Let s = 87 - 82. Suppose -48 = -f + 5*b, -s*f + 3*b + 43 = -153. What is the remainder when 226 is divided by f?
36
Let o = 9545 + -9491. What is the remainder when 160 is divided by o?
52
Let l = 27795 + -27373. What is the remainder when 1707 is divided by l?
19
Suppose 16*c - 14*c = 14. Suppose 3*t + p = 31, -t + 5*p = 4 + 7. What is the remainder when t is divided by c + (-8 - (2 - 12/2))?
0
Suppose -o + 57*x = 61*x - 555, -2244 = -4*o - 4*x. Calculate the remainder when o is divided by 108.
23
Let l(n) = -407*n**3 + 14*n + 13. What is the remainder when l(-1) is divided by 19?
7
Suppose 4*a = -4*p + 2236, 3*p + 1665 = 2*a + a. Let o(r) = -r**3 - 12*r**2 + r + 68. Calculate the remainder when a is divided by o(-12).
53
Let a = -1834 - -1951. What is the remainder when a is divided by 18?
9
Let n = 269 - 576. Let p = 328 + n. What is the remainder when 79 is divided by p?
16
Let k = -13189 + 13297. What is the remainder when 9071 is divided by k?
107
Suppose q - 5*m - 29 = 0, 0 = -2*m - 13 + 3. Suppose -16 = 5*k + q, 69 = a + 4*k. What is the remainder when a is divided by 45?
40
Let k be (5 + 9)*((-6)/(-4) + 0). Suppose 14*t = 17*t - k. Calculate the remainder when t is divided by 1.
0
Let s = 16 - 27. Let p(y) = -17*y - 60. Let a be p(s). Suppose f - a + 57 = 0. Calculate the remainder when f is divided by 18.
16
Let k be (-3)/9 + 69/(-9). Let c = 12 + k. What is the remainder when 16 is divided by (-105)/(-18) + ((-100)/(-24) - c)?
4
Suppose -3*t = -r - 74 - 17, -5*r = 4*t - 153. Let